 thousands digit of 1283572355?
2
What is the hundreds digit of 4138419601?
6
What is the tens digit of 26260318?
1
What is the hundred thousands digit of 5073611334?
6
What is the hundred millions digit of 5625004892?
6
What is the thousands digit of 833066240?
6
What is the hundreds digit of 56553159?
1
What is the units digit of 468143564?
4
What is the ten thousands digit of 85074730?
7
What is the hundred millions digit of 107084074?
1
What is the ten millions digit of 101264053?
0
What is the thousands digit of 75398506?
8
What is the ten thousands digit of 9091314?
9
What is the ten millions digit of 1174897503?
7
What is the ten millions digit of 26834295?
2
What is the hundred millions digit of 303532467?
3
What is the hundreds digit of 1903847781?
7
What is the ten millions digit of 70675697?
7
What is the ten thousands digit of 12579218?
7
What is the hundred thousands digit of 958682629?
6
What is the millions digit of 679273597?
9
What is the hundred thousands digit of 78799268?
7
What is the billions digit of 4634673763?
4
What is the units digit of 27656405?
5
What is the hundred millions digit of 884637793?
8
What is the thousands digit of 4997753954?
3
What is the millions digit of 267206722?
7
What is the units digit of 221467249?
9
What is the hundreds digit of 420493893?
8
What is the units digit of 1234073552?
2
What is the ten millions digit of 1056556034?
5
What is the ten thousands digit of 7753922?
5
What is the hundred thousands digit of 44177664?
1
What is the hundred thousands digit of 1095893738?
8
What is the thousands digit of 7644485953?
5
What is the ten millions digit of 555811578?
5
What is the units digit of 623033303?
3
What is the tens digit of 50677953?
5
What is the units digit of 2792894658?
8
What is the thousands digit of 1398542384?
2
What is the units digit of 973849065?
5
What is the hundreds digit of 1410040160?
1
What is the hundred millions digit of 839914429?
8
What is the hundreds digit of 80227610?
6
What is the ten millions digit of 71705715?
7
What is the units digit of 725580212?
2
What is the units digit of 233216563?
3
What is the tens digit of 163842078?
7
What is the thousands digit of 4544529848?
9
What is the hundreds digit of 763553643?
6
What is the ten millions digit of 3815882490?
1
What is the units digit of 1629968667?
7
What is the ten thousands digit of 4360846390?
4
What is the ten millions digit of 716461184?
1
What is the ten thousands digit of 9438716?
3
What is the millions digit of 300489514?
0
What is the ten millions digit of 1642996295?
4
What is the thousands digit of 30868381?
8
What is the hundreds digit of 400166230?
2
What is the millions digit of 481712578?
1
What is the billions digit of 3737404248?
3
What is the billions digit of 1599695661?
1
What is the ten millions digit of 1258621590?
5
What is the hundred thousands digit of 1902660?
9
What is the millions digit of 125967432?
5
What is the hundred thousands digit of 31992051?
9
What is the hundred millions digit of 896871444?
8
What is the hundred millions digit of 774877039?
7
What is the ten millions digit of 39574998?
3
What is the tens digit of 23052119?
1
What is the hundred millions digit of 1851122820?
8
What is the hundreds digit of 284347114?
1
What is the ten thousands digit of 14922385?
2
What is the millions digit of 2127555014?
7
What is the thousands digit of 241782848?
2
What is the ten millions digit of 171968820?
7
What is the units digit of 29888599?
9
What is the hundred millions digit of 338154714?
3
What is the ten millions digit of 516479858?
1
What is the ten millions digit of 1355653715?
5
What is the ten millions digit of 2098456367?
9
What is the hundred millions digit of 139657503?
1
What is the ten thousands digit of 184386500?
8
What is the hundred thousands digit of 29746587?
7
What is the units digit of 159210127?
7
What is the ten thousands digit of 24665300?
6
What is the hundred thousands digit of 86699866?
6
What is the hundreds digit of 5318505676?
6
What is the tens digit of 229582023?
2
What is the hundred thousands digit of 125218678?
2
What is the millions digit of 14306271?
4
What is the hundred millions digit of 229023403?
2
What is the thousands digit of 12577906?
7
What is the thousands digit of 5597067?
7
What is the thousands digit of 23091455?
1
What is the tens digit of 922623791?
9
What is the ten millions digit of 40071367?
4
What is the hundreds digit of 1967792?
7
What is the units digit of 18599772?
2
What is the ten thousands digit of 243715500?
1
What is the hundred millions digit of 1240101202?
2
What is the ten millions digit of 1869629191?
6
What is the hundred millions digit of 423842688?
4
What is the tens digit of 67255842?
4
What is the ten millions digit of 202677241?
0
What is the ten thousands digit of 914049002?
4
What is the hundred millions digit of 1147079226?
1
What is the hundreds digit of 509338431?
4
What is the units digit of 682030660?
0
What is the units digit of 112791425?
5
What is the hundreds digit of 37811912?
9
What is the ten thousands digit of 763713971?
1
What is the millions digit of 70696548?
0
What is the ten millions digit of 25934479?
2
What is the tens digit of 251717908?
0
What is the thousands digit of 244588563?
8
What is the units digit of 25505292?
2
What is the tens digit of 26182596?
9
What is the thousands digit of 549855918?
5
What is the units digit of 12134394?
4
What is the units digit of 83201320?
0
What is the tens digit of 8041109724?
2
What is the hundred thousands digit of 19492287?
4
What is the ten thousands digit of 26755218?
5
What is the tens digit of 17826009?
0
What is the hundreds digit of 68944102?
1
What is the hundred thousands digit of 56649571?
6
What is the thousands digit of 309019480?
9
What is the ten millions digit of 83993153?
8
What is the ten thousands digit of 90896254?
9
What is the ten thousands digit of 30463268?
6
What is the hundreds digit of 225051018?
0
What is the ten thousands digit of 82589091?
8
What is the thousands digit of 2011265988?
5
What is the millions digit of 6884587?
6
What is the units digit of 57998028?
8
What is the millions digit of 1729111968?
9
What is the tens digit of 68718596?
9
What is the hundred millions digit of 160118093?
1
What is the units digit of 314440977?
7
What is the millions digit of 567304573?
7
What is the billions digit of 5573224489?
5
What is the ten millions digit of 75242956?
7
What is the thousands digit of 73119087?
9
What is the thousands digit of 38388212?
8
What is the units digit of 4894278409?
9
What is the tens digit of 191181406?
0
What is the hundred thousands digit of 112880250?
8
What is the thousands digit of 4076324991?
4
What is the hundred millions digit of 218529523?
2
What is the hundreds digit of 3340235012?
0
What is the hundreds digit of 25280024?
0
What is the hundred thousands digit of 30406561?
4
What is the billions digit of 1592100697?
1
What is the millions digit of 24256775?
4
What is the ten thousands digit of 7463022?
6
What is the ten millions digit of 217623251?
1
What is the tens digit of 26267275?
7
What is the millions digit of 43424637?
3
What is the hundreds digit of 4509821283?
2
What is the tens digit of 494638171?
7
What is the thousands digit of 9193483?
3
What is the hundreds digit of 39081271?
2
What is the hundreds digit of 48220093?
0
What is the hundred millions digit of 212290061?
2
What is the ten millions digit of 332435678?
3
What is the units digit of 2274273222?
2
What is the millions digit of 1367571375?
7
What is the tens digit of 129810310?
1
What is the billions digit of 1752617131?
1
What is the hundred thousands digit of 66008975?
0
What is the ten thousands digit of 39476525?
7
What is the tens digit of 380763017?
1
What is the thousands digit of 88450236?
0
What is the units digit of 54773787?
7
What is the hundred thousands digit of 37900366?
9
What is the millions digit of 255097518?
5
What is the units digit of 65036941?
1
What is the ten thousands digit of 280936857?
3
What is the hundreds digit of 1767583463?
4
What is the ten thousands digit of 8574379?
7
What is the tens digit of 14851708?
0
What is the ten millions digit of 908801683?
0
What is the tens d